{"id":3962,"date":"2017-01-24T10:46:42","date_gmt":"2017-01-24T10:46:42","guid":{"rendered":"\/wp-content\/uploads\/sites\/31\/2017\/01\/Juha-Pekka-Vaisanen.jpg"},"modified":"2017-01-24T10:48:53","modified_gmt":"2017-01-24T10:48:53","slug":"juha-pekka-vaisanen","status":"inherit","type":"attachment","link":"http:\/\/www.asukkaidenvantaa.fi\/?attachment_id=3962","title":{"rendered":"Juha-Pekka Vaisanen"},"author":5003,"featured_media":0,"comment_status":"open","ping_status":"closed","template":"","meta":[],"class_list":["post-3962","attachment","type-attachment","status-inherit","hentry"],"description":{"rendered":"<p class=\"attachment\"><a href='http:\/\/www.asukkaidenvantaa.fi\/wp-content\/uploads\/sites\/31\/2017\/01\/Juha-Pekka-Vaisanen-e1485254823780.jpg'><img loading=\"lazy\" decoding=\"async\" width=\"292\" height=\"300\" src=\"http:\/\/www.asukkaidenvantaa.fi\/wp-content\/uploads\/sites\/31\/2017\/01\/Juha-Pekka-Vaisanen-292x300.jpg\" class=\"attachment-medium size-medium\" alt=\"\" srcset=\"http:\/\/www.asukkaidenvantaa.fi\/wp-content\/uploads\/sites\/31\/2017\/01\/Juha-Pekka-Vaisanen-292x300.jpg 292w, http:\/\/www.asukkaidenvantaa.fi\/wp-content\/uploads\/sites\/31\/2017\/01\/Juha-Pekka-Vaisanen-560x576.jpg 560w, http:\/\/www.asukkaidenvantaa.fi\/wp-content\/uploads\/sites\/31\/2017\/01\/Juha-Pekka-Vaisanen-260x267.jpg 260w, http:\/\/www.asukkaidenvantaa.fi\/wp-content\/uploads\/sites\/31\/2017\/01\/Juha-Pekka-Vaisanen-160x164.jpg 160w, http:\/\/www.asukkaidenvantaa.fi\/wp-content\/uploads\/sites\/31\/2017\/01\/Juha-Pekka-Vaisanen-e1485254823780.jpg 450w\" sizes=\"auto, (max-width: 292px) 100vw, 292px\" \/><\/a><\/p>\n"},"caption":{"rendered":"<p>Vantaan Rauhanklubin kev\u00e4\u00e4n ensimm\u00e4inen vieras on k\u00e4sitetaiteilija Juha-Pekka V\u00e4is\u00e4nen, joka kertoo taiteesta rauhanty\u00f6n v\u00e4lineen\u00e4 ja muunkin yhteiskunnallisen toiminnan vaikuttajan.<\/p>\n<p class=\"more-link-p\"><a class=\"more-link\" href=\"http:\/\/www.asukkaidenvantaa.fi\/?attachment_id=3962\">Lue lis\u00e4\u00e4 \u2192<\/a><\/p>\n"},"alt_text":"","media_type":"image","mime_type":"image\/jpeg","media_details":{"width":450,"height":463,"file":"2017\/01\/Juha-Pekka-Vaisanen-e1485254823780.jpg","sizes":{"thumbnail":{"file":"Juha-Pekka-Vaisanen-150x150.jpg","width":150,"height":150,"mime_type":"image\/jpeg","source_url":"http:\/\/www.asukkaidenvantaa.fi\/wp-content\/uploads\/sites\/31\/2017\/01\/Juha-Pekka-Vaisanen-150x150.jpg"},"medium":{"file":"Juha-Pekka-Vaisanen-292x300.jpg","width":292,"height":300,"mime_type":"image\/jpeg","source_url":"http:\/\/www.asukkaidenvantaa.fi\/wp-content\/uploads\/sites\/31\/2017\/01\/Juha-Pekka-Vaisanen-292x300.jpg"},"1_column":{"file":"Juha-Pekka-Vaisanen-560x576.jpg","width":560,"height":576,"mime_type":"image\/jpeg","source_url":"http:\/\/www.asukkaidenvantaa.fi\/wp-content\/uploads\/sites\/31\/2017\/01\/Juha-Pekka-Vaisanen-560x576.jpg"},"2_column":{"file":"Juha-Pekka-Vaisanen-260x267.jpg","width":260,"height":267,"mime_type":"image\/jpeg","source_url":"http:\/\/www.asukkaidenvantaa.fi\/wp-content\/uploads\/sites\/31\/2017\/01\/Juha-Pekka-Vaisanen-260x267.jpg"},"3_column":{"file":"Juha-Pekka-Vaisanen-160x164.jpg","width":160,"height":164,"mime_type":"image\/jpeg","source_url":"http:\/\/www.asukkaidenvantaa.fi\/wp-content\/uploads\/sites\/31\/2017\/01\/Juha-Pekka-Vaisanen-160x164.jpg"},"image-bar-c4":{"file":"Juha-Pekka-Vaisanen-386x290.jpg","width":386,"height":290,"mime_type":"image\/jpeg","source_url":"http:\/\/www.asukkaidenvantaa.fi\/wp-content\/uploads\/sites\/31\/2017\/01\/Juha-Pekka-Vaisanen-386x290.jpg"},"image-bar-c3":{"file":"Juha-Pekka-Vaisanen-290x218.jpg","width":290,"height":218,"mime_type":"image\/jpeg","source_url":"http:\/\/www.asukkaidenvantaa.fi\/wp-content\/uploads\/sites\/31\/2017\/01\/Juha-Pekka-Vaisanen-290x218.jpg"},"image-bar-c2":{"file":"Juha-Pekka-Vaisanen-193x145.jpg","width":193,"height":145,"mime_type":"image\/jpeg","source_url":"http:\/\/www.asukkaidenvantaa.fi\/wp-content\/uploads\/sites\/31\/2017\/01\/Juha-Pekka-Vaisanen-193x145.jpg"},"full":{"file":"Juha-Pekka-Vaisanen-e1485254823780.jpg","width":450,"height":463,"mime_type":"image\/jpeg","source_url":"http:\/\/www.asukkaidenvantaa.fi\/wp-content\/uploads\/sites\/31\/2017\/01\/Juha-Pekka-Vaisanen-e1485254823780.jpg"}},"image_meta":{"aperture":"0","credit":"","camera":"","caption":"","created_timestamp":"0","copyright":"","focal_length":"0","iso":"0","shutter_speed":"0","title":"","orientation":"0","keywords":[]}},"post":3961,"source_url":"http:\/\/www.asukkaidenvantaa.fi\/wp-content\/uploads\/sites\/31\/2017\/01\/Juha-Pekka-Vaisanen-e1485254823780.jpg","_links":{"self":[{"href":"http:\/\/www.asukkaidenvantaa.fi\/index.php?rest_route=\/wp\/v2\/media\/3962","targetHints":{"allow":["GET"]}}],"collection":[{"href":"http:\/\/www.asukkaidenvantaa.fi\/index.php?rest_route=\/wp\/v2\/media"}],"about":[{"href":"http:\/\/www.asukkaidenvantaa.fi\/index.php?rest_route=\/wp\/v2\/types\/attachment"}],"author":[{"embeddable":true,"href":"http:\/\/www.asukkaidenvantaa.fi\/index.php?rest_route=\/wp\/v2\/users\/5003"}],"replies":[{"embeddable":true,"href":"http:\/\/www.asukkaidenvantaa.fi\/index.php?rest_route=%2Fwp%2Fv2%2Fcomments&post=3962"}],"wp:attached-to":[{"embeddable":true,"post_type":"post","id":3961,"href":"http:\/\/www.asukkaidenvantaa.fi\/index.php?rest_route=\/wp\/v2\/posts\/3961"}],"curies":[{"name":"wp","href":"https:\/\/api.w.org\/{rel}","templated":true}]}}

<p>Vantaan Rauhanklubin kevään ensimmäinen vieras on käsitetaiteilija Juha-Pekka Väisänen, joka kertoo taiteesta rauhantyön välineenä ja muunkin yhteiskunnallisen toiminnan vaikuttajan.</p>
<p class="more-link-p"><a class="more-link" href="http://www.asukkaidenvantaa.fi/?attachment_id=3962">Lue lisää →</a></p>
