{"id":3891,"date":"2016-10-13T21:35:18","date_gmt":"2016-10-13T21:35:18","guid":{"rendered":"\/wp-content\/uploads\/sites\/31\/2016\/10\/Vantaa-slogansarja-vaaka-julkaisutilaisuus-01.jpg"},"modified":"2016-10-13T21:37:45","modified_gmt":"2016-10-13T21:37:45","slug":"vantaa-slogansarja-vaaka-julkaisutilaisuus-01","status":"inherit","type":"attachment","link":"http:\/\/www.asukkaidenvantaa.fi\/?attachment_id=3891","title":{"rendered":"vantaa-slogansarja-vaaka-julkaisutilaisuus-01"},"author":5003,"featured_media":0,"comment_status":"open","ping_status":"closed","template":"","meta":[],"class_list":["post-3891","attachment","type-attachment","status-inherit","hentry"],"description":{"rendered":"<p class=\"attachment\"><a href='http:\/\/www.asukkaidenvantaa.fi\/wp-content\/uploads\/sites\/31\/2016\/10\/Vantaa-slogansarja-vaaka-julkaisutilaisuus-01-e1476394533278.jpg'><img loading=\"lazy\" decoding=\"async\" width=\"300\" height=\"212\" src=\"http:\/\/www.asukkaidenvantaa.fi\/wp-content\/uploads\/sites\/31\/2016\/10\/Vantaa-slogansarja-vaaka-julkaisutilaisuus-01-300x212.jpg\" class=\"attachment-medium size-medium\" alt=\"\" srcset=\"http:\/\/www.asukkaidenvantaa.fi\/wp-content\/uploads\/sites\/31\/2016\/10\/Vantaa-slogansarja-vaaka-julkaisutilaisuus-01-300x212.jpg 300w, http:\/\/www.asukkaidenvantaa.fi\/wp-content\/uploads\/sites\/31\/2016\/10\/Vantaa-slogansarja-vaaka-julkaisutilaisuus-01-768x543.jpg 768w, http:\/\/www.asukkaidenvantaa.fi\/wp-content\/uploads\/sites\/31\/2016\/10\/Vantaa-slogansarja-vaaka-julkaisutilaisuus-01-1024x724.jpg 1024w, http:\/\/www.asukkaidenvantaa.fi\/wp-content\/uploads\/sites\/31\/2016\/10\/Vantaa-slogansarja-vaaka-julkaisutilaisuus-01-560x396.jpg 560w, http:\/\/www.asukkaidenvantaa.fi\/wp-content\/uploads\/sites\/31\/2016\/10\/Vantaa-slogansarja-vaaka-julkaisutilaisuus-01-260x184.jpg 260w, http:\/\/www.asukkaidenvantaa.fi\/wp-content\/uploads\/sites\/31\/2016\/10\/Vantaa-slogansarja-vaaka-julkaisutilaisuus-01-160x113.jpg 160w, http:\/\/www.asukkaidenvantaa.fi\/wp-content\/uploads\/sites\/31\/2016\/10\/Vantaa-slogansarja-vaaka-julkaisutilaisuus-01-e1476394533278.jpg 500w\" sizes=\"auto, (max-width: 300px) 100vw, 300px\" \/><\/a><\/p>\n"},"caption":{"rendered":"<p>Vantaa pyrkii antamaan itsest\u00e4\u00e4n monipuolisen ja reilu kuvan, l\u00e4hes maailman parhaana paikkana. Mutta olemme kaukana siit\u00e4. Mielivalta ja k\u00e4hmint\u00e4 rehoittavat.<\/p>\n<p class=\"more-link-p\"><a class=\"more-link\" href=\"http:\/\/www.asukkaidenvantaa.fi\/?attachment_id=3891\">Lue lis\u00e4\u00e4 \u2192<\/a><\/p>\n"},"alt_text":"","media_type":"image","mime_type":"image\/jpeg","media_details":{"width":500,"height":353,"file":"2016\/10\/Vantaa-slogansarja-vaaka-julkaisutilaisuus-01-e1476394533278.jpg","sizes":{"thumbnail":{"file":"Vantaa-slogansarja-vaaka-julkaisutilaisuus-01-150x150.jpg","width":150,"height":150,"mime_type":"image\/jpeg","source_url":"http:\/\/www.asukkaidenvantaa.fi\/wp-content\/uploads\/sites\/31\/2016\/10\/Vantaa-slogansarja-vaaka-julkaisutilaisuus-01-150x150.jpg"},"medium":{"file":"Vantaa-slogansarja-vaaka-julkaisutilaisuus-01-300x212.jpg","width":300,"height":212,"mime_type":"image\/jpeg","source_url":"http:\/\/www.asukkaidenvantaa.fi\/wp-content\/uploads\/sites\/31\/2016\/10\/Vantaa-slogansarja-vaaka-julkaisutilaisuus-01-300x212.jpg"},"medium_large":{"file":"Vantaa-slogansarja-vaaka-julkaisutilaisuus-01-768x543.jpg","width":768,"height":543,"mime_type":"image\/jpeg","source_url":"http:\/\/www.asukkaidenvantaa.fi\/wp-content\/uploads\/sites\/31\/2016\/10\/Vantaa-slogansarja-vaaka-julkaisutilaisuus-01-768x543.jpg"},"large":{"file":"Vantaa-slogansarja-vaaka-julkaisutilaisuus-01-1024x724.jpg","width":1024,"height":724,"mime_type":"image\/jpeg","source_url":"http:\/\/www.asukkaidenvantaa.fi\/wp-content\/uploads\/sites\/31\/2016\/10\/Vantaa-slogansarja-vaaka-julkaisutilaisuus-01-1024x724.jpg"},"1_column":{"file":"Vantaa-slogansarja-vaaka-julkaisutilaisuus-01-560x396.jpg","width":560,"height":396,"mime_type":"image\/jpeg","source_url":"http:\/\/www.asukkaidenvantaa.fi\/wp-content\/uploads\/sites\/31\/2016\/10\/Vantaa-slogansarja-vaaka-julkaisutilaisuus-01-560x396.jpg"},"2_column":{"file":"Vantaa-slogansarja-vaaka-julkaisutilaisuus-01-260x184.jpg","width":260,"height":184,"mime_type":"image\/jpeg","source_url":"http:\/\/www.asukkaidenvantaa.fi\/wp-content\/uploads\/sites\/31\/2016\/10\/Vantaa-slogansarja-vaaka-julkaisutilaisuus-01-260x184.jpg"},"3_column":{"file":"Vantaa-slogansarja-vaaka-julkaisutilaisuus-01-160x113.jpg","width":160,"height":113,"mime_type":"image\/jpeg","source_url":"http:\/\/www.asukkaidenvantaa.fi\/wp-content\/uploads\/sites\/31\/2016\/10\/Vantaa-slogansarja-vaaka-julkaisutilaisuus-01-160x113.jpg"},"image-bar-c4":{"file":"Vantaa-slogansarja-vaaka-julkaisutilaisuus-01-386x290.jpg","width":386,"height":290,"mime_type":"image\/jpeg","source_url":"http:\/\/www.asukkaidenvantaa.fi\/wp-content\/uploads\/sites\/31\/2016\/10\/Vantaa-slogansarja-vaaka-julkaisutilaisuus-01-386x290.jpg"},"image-bar-c3":{"file":"Vantaa-slogansarja-vaaka-julkaisutilaisuus-01-290x218.jpg","width":290,"height":218,"mime_type":"image\/jpeg","source_url":"http:\/\/www.asukkaidenvantaa.fi\/wp-content\/uploads\/sites\/31\/2016\/10\/Vantaa-slogansarja-vaaka-julkaisutilaisuus-01-290x218.jpg"},"image-bar-c2":{"file":"Vantaa-slogansarja-vaaka-julkaisutilaisuus-01-193x145.jpg","width":193,"height":145,"mime_type":"image\/jpeg","source_url":"http:\/\/www.asukkaidenvantaa.fi\/wp-content\/uploads\/sites\/31\/2016\/10\/Vantaa-slogansarja-vaaka-julkaisutilaisuus-01-193x145.jpg"},"full":{"file":"Vantaa-slogansarja-vaaka-julkaisutilaisuus-01-e1476394533278.jpg","width":500,"height":353,"mime_type":"image\/jpeg","source_url":"http:\/\/www.asukkaidenvantaa.fi\/wp-content\/uploads\/sites\/31\/2016\/10\/Vantaa-slogansarja-vaaka-julkaisutilaisuus-01-e1476394533278.jpg"}},"image_meta":{"aperture":"0","credit":"","camera":"","caption":"","created_timestamp":"0","copyright":"","focal_length":"0","iso":"0","shutter_speed":"0","title":"","orientation":"0","keywords":[]}},"post":3890,"source_url":"http:\/\/www.asukkaidenvantaa.fi\/wp-content\/uploads\/sites\/31\/2016\/10\/Vantaa-slogansarja-vaaka-julkaisutilaisuus-01-e1476394533278.jpg","_links":{"self":[{"href":"http:\/\/www.asukkaidenvantaa.fi\/index.php?rest_route=\/wp\/v2\/media\/3891","targetHints":{"allow":["GET"]}}],"collection":[{"href":"http:\/\/www.asukkaidenvantaa.fi\/index.php?rest_route=\/wp\/v2\/media"}],"about":[{"href":"http:\/\/www.asukkaidenvantaa.fi\/index.php?rest_route=\/wp\/v2\/types\/attachment"}],"author":[{"embeddable":true,"href":"http:\/\/www.asukkaidenvantaa.fi\/index.php?rest_route=\/wp\/v2\/users\/5003"}],"replies":[{"embeddable":true,"href":"http:\/\/www.asukkaidenvantaa.fi\/index.php?rest_route=%2Fwp%2Fv2%2Fcomments&post=3891"}],"wp:attached-to":[{"embeddable":true,"post_type":"post","id":3890,"href":"http:\/\/www.asukkaidenvantaa.fi\/index.php?rest_route=\/wp\/v2\/posts\/3890"}],"curies":[{"name":"wp","href":"https:\/\/api.w.org\/{rel}","templated":true}]}}

<p>Vantaa pyrkii antamaan itsestään monipuolisen ja reilu kuvan, lähes maailman parhaana paikkana. Mutta olemme kaukana siitä. Mielivalta ja kähmintä rehoittavat.</p>
<p class="more-link-p"><a class="more-link" href="http://www.asukkaidenvantaa.fi/?attachment_id=3891">Lue lisää →</a></p>
